{"id":1508,"date":"2017-06-27T08:49:21","date_gmt":"2017-06-27T06:49:21","guid":{"rendered":"http:\/\/psychotherapie-rheingau.com\/?page_id=1508"},"modified":"2017-07-24T10:14:41","modified_gmt":"2017-07-24T08:14:41","slug":"achtsamkeitstraining","status":"publish","type":"page","link":"http:\/\/psychotherapie-rheingau.com\/?page_id=1508","title":{"rendered":"ACHTSAMKEITSTRAINING"},"content":{"rendered":"<h1><em>Achtsamkeitstraining f\u00fcr Paare oder Menschen, die sich in<\/em><\/h1>\n<h1><em>der heutigen Zeit verloren haben und ihren Weg suchen,<\/em><\/h1>\n<h1><em>um sich wieder zu finden&#8230;<\/em><\/h1>\n<p>&nbsp;<\/p>\n<h1><a href=\"http:\/\/psychotherapie-rheingau.com\/wp-content\/uploads\/2017\/06\/Snoopy-auf-der-H\u00fctte.jpg\"><img decoding=\"async\" loading=\"lazy\" class=\"aligncenter wp-image-1511\" src=\"http:\/\/psychotherapie-rheingau.com\/wp-content\/uploads\/2017\/06\/Snoopy-auf-der-H\u00fctte-150x150.jpg\" alt=\"\" width=\"219\" height=\"219\" \/><\/a><\/h1>\n<p>&nbsp;<\/p>\n<h1 style=\"text-align: center;\"><em>IM HIER UND JETZT LEBEN<\/em><\/h1>\n<p>&nbsp;<\/p>\n<h3><em>Bewusst leben<\/em><\/h3>\n<p>Das Leben wird immer schneller und hektischer. Deshalb ist es besonders wichtig, bewusster zu leben und auch mal eine Pause zu machen. Nehmen Sie sich Zeit, um sich von k\u00f6rperlichem und emotionalem Stress zu erholen. Sie werden sich innerhalb kurzer Zeit ges\u00fcnder, fitter und gl\u00fccklicher f\u00fchlen. Entschleunigung ist der Schl\u00fcssel zu mehr Achtsamkeit.<\/p>\n<h3><em>F\u00fchren Sie ein Achtsamkeits-Tagebuch<\/em><\/h3>\n<p>Reflektieren und notieren Sie t\u00e4glich Ihr emotionales Befinden. Was hat Ihnen besonders gut getan? Wor\u00fcber haben Sie sich ge\u00e4rgert und was hat Sie gestresst? So lernen Sie, Stress zu vermeiden, Achtsamkeit zu lernen und sich bewusst Auszeiten zu nehmen \u2013 und deren positive Auswirkung zu erkennen. Schreiben Sie au\u00dferdem t\u00e4glich drei Dinge auf, \u00fcber die Sie sich gefreut haben.<\/p>\n<h3><em>Mehr Achtsamkeit<\/em><\/h3>\n<p>Versuchen Sie die Benutzung von Smartphones und Laptops im Privatleben auf ein Minimum zu reduzieren, denn die Ger\u00e4te sollten nicht Ihren Alltag bestimmen. Genie\u00dfen Sie morgens die Ruhe und greifen Sie nicht direkt nach dem Aufwachen zum Smartphone. Auch abends sollten Sie es zur Seite legen und sich Zeit f\u00fcr Ihre Liebsten nehmen.<\/p>\n<p>Sie k\u00f6nnen gerne einen Termin mit mir unter:<\/p>\n<h3><em>Psychotherapie-Rheingau.com<\/em><br \/>\n<em>Langenhoffstr. 11<\/em><br \/>\n<em> Praxis f\u00fcr Psychotherapie (HeilPG)<\/em><br \/>\n<em> 65375 Oestrich-Winkel<\/em><\/h3>\n<h3><em>Telefonnummer: 06723-8049208<\/em><br \/>\n<em> E-Mail-Adresse: ankelassahn@gmx.de<\/em><\/h3>\n<p>vereinbaren, damit ich Ihnen Ihren Weg zeigen kann, gehen d\u00fcrfen Sie Ihn selbst&#8230;<\/p>\n<p><em><strong>Achtsamkeit hei\u00dft,<\/strong><\/em><\/p>\n<ul>\n<li>sich dessen bewusst zu sein, was gerade jetzt innen und au\u00dfen passiert<\/li>\n<li>und das dar\u00fcber hinaus gelassen und ohne emotional in Aufruhr zu geraten, zu betrachten<\/li>\n<\/ul>\n<p><b>Achtsamkeit<\/b> ist die \u00fcbliche Bezeichnung f\u00fcr einen geistigen Zustand. Ihn pr\u00e4gt Folgendes:<\/p>\n<div class=\"thumb tright\">\n<div class=\"thumbinner\">\n<p><a class=\"image\" href=\"https:\/\/wiki.yoga-vidya.de\/Datei:Buddha-Meditation-Lotussitz.jpg\"><img decoding=\"async\" loading=\"lazy\" class=\"thumbimage\" src=\"https:\/\/wiki.yoga-vidya.de\/images\/thumb\/d\/d5\/Buddha-Meditation-Lotussitz.jpg\/250px-Buddha-Meditation-Lotussitz.jpg\" srcset=\"\/images\/thumb\/d\/d5\/Buddha-Meditation-Lotussitz.jpg\/375px-Buddha-Meditation-Lotussitz.jpg 1.5x, \/images\/d\/d5\/Buddha-Meditation-Lotussitz.jpg 2x\" alt=\"Buddha-Meditation-Lotussitz.jpg\" width=\"250\" height=\"341\" \/><\/a><\/p>\n<div class=\"thumbcaption\"><\/div>\n<\/div>\n<\/div>\n<ul>\n<li>Bewusstheit im Hier und Jetzt<\/li>\n<li>Gesteigerte Aufmerksamkeit<\/li>\n<li>Kein Analysieren, sondern bewusstes Erfahren<\/li>\n<li>Kein bewusstes Erzeugen von Gedanken oder Gef\u00fchlen sondern Annehmen von allem, was von selbst erscheint<\/li>\n<li>Kein Beurteilen, sondern Annehmen was kommt<\/li>\n<li>Kein Identifizieren mit dem Gedachten, Erlebten, Erfahrenen, sondern Beobachten, idealerweise sogar quasi neutrales Beobachten<\/li>\n<\/ul>\n<p>Achtsamkeit ist die F\u00e4higkeit im Hier und Jetzt sehr aufmerksam zu sein. Achtsamkeit kann mit Intensit\u00e4t und starkem Erleben verbunden sein. Achtsamkeit kann aber auch mit innerem Abstand verbunden sein, die Beobachterrolle einzunehmen ohne zu urteilen, zu analysieren oder zu reagieren.<\/p>\n<p>(Zitat aus: YOGA VIDYA)<\/p>\n","protected":false},"excerpt":{"rendered":"<p>Achtsamkeitstraining f\u00fcr Paare oder Menschen, die sich in der heutigen Zeit verloren haben und ihren Weg suchen, um sich wieder zu finden&#8230; &nbsp; &nbsp; IM HIER UND JETZT LEBEN &nbsp; Bewusst leben Das Leben wird immer schneller und hektischer. Deshalb ist es besonders wichtig, bewusster zu leben und auch mal eine Pause zu machen. Nehmen [&hellip;]<\/p>\n","protected":false},"author":2,"featured_media":0,"parent":0,"menu_order":0,"comment_status":"closed","ping_status":"closed","template":"","meta":{"_bbp_topic_count":0,"_bbp_reply_count":0,"_bbp_total_topic_count":0,"_bbp_total_reply_count":0,"_bbp_voice_count":0,"_bbp_anonymous_reply_count":0,"_bbp_topic_count_hidden":0,"_bbp_reply_count_hidden":0,"_bbp_forum_subforum_count":0},"_links":{"self":[{"href":"http:\/\/psychotherapie-rheingau.com\/index.php?rest_route=\/wp\/v2\/pages\/1508"}],"collection":[{"href":"http:\/\/psychotherapie-rheingau.com\/index.php?rest_route=\/wp\/v2\/pages"}],"about":[{"href":"http:\/\/psychotherapie-rheingau.com\/index.php?rest_route=\/wp\/v2\/types\/page"}],"author":[{"embeddable":true,"href":"http:\/\/psychotherapie-rheingau.com\/index.php?rest_route=\/wp\/v2\/users\/2"}],"replies":[{"embeddable":true,"href":"http:\/\/psychotherapie-rheingau.com\/index.php?rest_route=%2Fwp%2Fv2%2Fcomments&post=1508"}],"version-history":[{"count":9,"href":"http:\/\/psychotherapie-rheingau.com\/index.php?rest_route=\/wp\/v2\/pages\/1508\/revisions"}],"predecessor-version":[{"id":1521,"href":"http:\/\/psychotherapie-rheingau.com\/index.php?rest_route=\/wp\/v2\/pages\/1508\/revisions\/1521"}],"wp:attachment":[{"href":"http:\/\/psychotherapie-rheingau.com\/index.php?rest_route=%2Fwp%2Fv2%2Fmedia&parent=1508"}],"curies":[{"name":"wp","href":"https:\/\/api.w.org\/{rel}","templated":true}]}}