{"id":481,"date":"2014-07-02T13:05:53","date_gmt":"2014-07-02T11:05:53","guid":{"rendered":"http:\/\/psychotherapie-rheingau.com\/?page_id=481"},"modified":"2017-07-26T12:20:36","modified_gmt":"2017-07-26T10:20:36","slug":"jungend-therapie","status":"publish","type":"page","link":"http:\/\/psychotherapie-rheingau.com\/?page_id=481","title":{"rendered":"JUGEND-THERAPIE \/ P\u00e4dagogik"},"content":{"rendered":"<h1 style=\"text-align: center;\"><em><span style=\"color: #800000;\"><strong>Wie liebe oder umarme ich einen Kaktus?<\/strong><\/span><\/em><\/h1>\n<p><a href=\"http:\/\/psychotherapie-rheingau.com\/wp-content\/uploads\/2014\/07\/KinderKaktus.jpg\"><img decoding=\"async\" loading=\"lazy\" class=\"aligncenter size-medium wp-image-806\" src=\"http:\/\/psychotherapie-rheingau.com\/wp-content\/uploads\/2014\/07\/KinderKaktus-300x255.jpg\" alt=\"KinderKaktus\" width=\"300\" height=\"255\" srcset=\"http:\/\/psychotherapie-rheingau.com\/wp-content\/uploads\/2014\/07\/KinderKaktus-300x255.jpg 300w, http:\/\/psychotherapie-rheingau.com\/wp-content\/uploads\/2014\/07\/KinderKaktus.jpg 617w\" sizes=\"(max-width: 300px) 100vw, 300px\" \/><\/a><\/p>\n<p><span style=\"color: #003300;\"><em><strong>Loslassen und Halt geben&#8230;<\/strong><\/em><\/span><\/p>\n<p>Dies ist ein Thema, welches Eltern sehr besch\u00e4ftigt und einem oft so manche Stunde versaut, N\u00e4chte raubt und einfach viel nachdenken l\u00e4sst.<br \/>\nMan stellt sich oft die Frage, was man in der Erziehung der Kinder falsch gemacht hat, was man getan hat, dass sie die Eltern manchmal so behandeln, wie sie es derzeit tun, was man tun kann um die Kontrolle zu behalten, wie man wo welche Grenzen setzen kann ohne zus\u00e4tzlich \u00d6l ins Feuer zu kippen.<\/p>\n<p>Ich habe in meiner Praxis bei Jugendlichen oft festgestellt, dass ihnen der innere Halt fehlt, \u00c4ngste, Zukunftsangst&#8230;<\/p>\n<p><strong><em>Schaffe ich das alles?\u00a0 <\/em><\/strong><br \/>\n<strong><em>Wer bin ich eigentlich oder wo will ich hin?<\/em><\/strong><br \/>\n<strong><em>Kann ich in meinem Leben bestehen? <\/em><\/strong><br \/>\n<strong><em>Welche Erwartungen haben andere an mich &#8211; und vor allem &#8211; <\/em><\/strong><br \/>\n<strong><em>welche Erwartung stelle ich an mich selbst?<\/em><\/strong><\/p>\n<p>Manche resignieren und bekommen eine <em><strong>&#8220;Ihr k\u00f6nnt mich alle mal&#8230;&#8221;<\/strong><\/em> Einstellung.<\/p>\n<p>Einige versuchen \u00fcber ihre Resignation in eine <em><strong>&#8220;Revoluzzereinstellung&#8221;<\/strong><\/em> Ver\u00e4nderungen herbeizuf\u00fchren.<\/p>\n<p>Durch gezielte Gespr\u00e4chsf\u00fchrung, Einf\u00fchlsam und nicht \u00fcberfordernd, bekomme ich einen Einblick in das, was Ihr Kind wirklich m\u00f6chte, seine W\u00fcnsche und Tr\u00e4ume. Sie erkennen die Erwartungshaltungen von Au\u00dfen und das, was ihre Blockade ausmacht.<\/p>\n<p><em><strong>Achtsamkeitstraining, Wertsch\u00e4tzung der Eltern und des Kindes finden hier neu erfahren seinen Platz. Bed\u00fcrfnisse und W\u00fcnsche und Gef\u00fchle des Kindes \/ Jugendlichen und der Eltern.<\/strong><\/em><\/p>\n<p><em><strong>Wichtig ist hier vor allem auch, dass der Jugendliche seine St\u00e4rken erkennt und seine vermeintlichen Schw\u00e4chen in positives wandeln kann. Dies f\u00fchrt zu Selbstvertrauen und Selbst-bewusst-sein.<\/strong><\/em><\/p>\n<p>Fragen \u00fcber Fragen, Fragen die einem Eltern nicht zufriedenstellend beantworten k\u00f6nnen weil sie anders erzogen wurden, Fragen die auch Freunde und Bekannte nicht wirklich beantworten k\u00f6nnen weil sie entweder noch keine Kinder in dem Alter haben oder sich nie mit diesem Thema wirklich auseinander gesetzt haben.<\/p>\n<p>Insbesondere im Laufe der Pubert\u00e4t sind Jugendliche grundlegenden Ver\u00e4nderungen unterworfen, sodass auch unter Jugendlichen Depressionen auftreten k\u00f6nnen. Die starken emotionalen und hormonellen Ver\u00e4nderungen im \u00dcbergang von Kindheit zu Pubert\u00e4t und jungen Erwachsenendasein sind daf\u00fcr pr\u00e4destiniert, dass Depressionen auftreten k\u00f6nnen. Hinzu kommen Mobbing, welches sich mittlerweile nicht mehr nur auf den Schulhof beschr\u00e4nkt.<\/p>\n<p><strong>Zwillingsproblematik<\/strong><\/p>\n<p>Bei vielen Zwillingspaaren erscheint es es schwierig, dass auch jeder die M\u00f6glichkeit haben darf, sich frei von dem anderen zu entwickeln. Auch hier gibt es L\u00f6sungen f\u00fcr die Seele um soziale Kontakte im Au\u00dfen anzustreben und zu verwirklichen&#8230; Einander Loslassen und sich doch Nahe sein zu d\u00fcrfen.<\/p>\n<p><b>Auf der Achterbahn der Gef\u00fchle<\/b><\/p>\n<p>In der Pubert\u00e4t l\u00e4uft alles intensiver, so auch das Auf und ab der Gef\u00fchlsmelodie. Vor allem die M\u00e4dchen m\u00fcssen sich erst an das An- und Abschwellen der Hormone, die teilweise wie ein nat\u00fcrliches Antidepressiva wirken, gew\u00f6hnen. Nach dem monatlichen Eisprung f\u00e4llt im Gleichklang mit dem \u00d6strogen auch die Stimmungslage bis sie auf dem Nullpunkt ankommt und die innere Gereiztheit den H\u00f6hepunkt erreicht.<\/p>\n<p>Teenager sind in der Schule und in der Gruppe vor neue Herausforderungen gestellt. Erste gr\u00f6ssere Misserfolge oder Ablehnungserlebnisse m\u00fcssen verkraftet werden. Kein Wunder, wenn die Gef\u00fchlswelt dabei verr\u00fcckt spielt und Minderwertigkeitsgef\u00fchle wachsen.<\/p>\n<p>Manchmal verdichtet sich die Entmutigung zu einer Depression. Da kann eine neutrale Beratung f\u00fcr alle Beteiligten entlastend sein.<\/p>\n<p>Kinder und Jugendliche stehen Attacken gegen Aussehen, Figur oder der sexuelle Orientierung oftmals hilflos gegen\u00fcber, da sie in ihrer geistigen Entwicklung noch nicht den Status erreicht haben, sich effektiv gegen die (verbalen) Aggressionen zur Wehr zu setzen. Insbesondere bei gest\u00f6rten k\u00f6rperlichen und sexuellen Entwicklungen tritt die <strong>Jugenddepression<\/strong> auf.<\/p>\n<p>Jugendliche geht es wie Adam und Eva im Paradies. Pl\u00f6tzlich sehen sie die Welt mit neuen Augen. Das Bild der geliebten Familie, im Normalfall ein Ort der Geborgenheit und Sicherheit erh\u00e4lt Risse. Die Bewunderung f\u00fcr den starken Vater verwandelt sich in einen Kampf gegen seine sturen Vorgaben.<\/p>\n<p>Jugendliche sehen pl\u00f6tzlich \u00fcber den Tellerrand und vergleichen mit anderen Familien, anderen Lebensformen,\u00a0 anderen Gemeinden, mit anderen Glaubensrichtungen oder Religionen usw.\u00a0 Das ist absolut normal und bedeutet noch keine endg\u00fcltige Abkehr von den famili\u00e4ren Werten. H\u00f6ren sie ihrem Kind zu, achten sie seine Meinung, auch wenn sie nicht zustimmen k\u00f6nnen.<\/p>\n<p><strong>Denken sie daran, dass es seine eigene Lebenseinstellung erarbeiten muss.<\/strong><\/p>\n<p>F\u00fcr die Eltern ist es wohl das schwierigste, ein Kind ohne Groll loszulassen. Aber denken sie daran, wenn sie es loslassen, dann kann es freiwillig wieder zu ihnen zur\u00fcckkehren. Vertrauen sie darauf, dass all das, was es in den fr\u00fcheren Jahren gelernt hat, als ein Schatz in ihm ruht und Fr\u00fcchte tragen wird.<\/p>\n<p>Vereinsamung, mangelnde Bewegung, fehlende soziale Kontakte und Gewichtsprobleme z\u00e4hlen zu den typischen Ursachen f\u00fcr Depressionen bei Jugendlichen. Hier sind die Eltern gefragt, den sozialen R\u00fcckzug ihrer Kinder wahrzunehmen und gegebenenfalls professionelle Hilfe aufzusuchen.<\/p>\n<p>Ich arbeite mit der <strong>Systemischen P\u00e4dagogik<\/strong>, also entwicklungsorientiert, konstruktiv und erkenntnisorientiert.<\/p>\n<h2><span style=\"color: #800000;\"><strong>Die Systemtherapie ist gerade in der Jugend-Therapie ein au\u00dferordentlich hilfreiches Mittel, um genaue innere Bilder der Jugendlichen zu erhalten und um mit ihnen zu Arbeiten.<\/strong> <\/span><\/h2>\n<p>Auch nehme ich hier gerne meine ausgebildeten Tiere zu Hilfe, um Zugang zu den Jugendlichen zu bekommen.<\/p>\n<p><span style=\"color: #000000;\"><em><strong>Anke Lassahn<\/strong><\/em><\/span><\/p>\n<p>Psychologische Beraterin \/ Systemtherapeutin \/ Coach<br \/>\nSystemtherapie \/ Psychotherapie im Rheingau (HeilPG)<br \/>\nGespr\u00e4chstherapeutin \/ Dozentin Heikpraktiker Psychotherapie<\/p>\n<p>Langenhoffstr. 11<br \/>\n65375 Oestrich-Winkel<\/p>\n<p>Tel. 06723-80 49 208<\/p>\n","protected":false},"excerpt":{"rendered":"<p>Wie liebe oder umarme ich einen Kaktus? Loslassen und Halt geben&#8230; Dies ist ein Thema, welches Eltern sehr besch\u00e4ftigt und einem oft so manche Stunde versaut, N\u00e4chte raubt und einfach viel nachdenken l\u00e4sst. Man stellt sich oft die Frage, was man in der Erziehung der Kinder falsch gemacht hat, was man getan hat, dass sie [&hellip;]<\/p>\n","protected":false},"author":2,"featured_media":0,"parent":0,"menu_order":0,"comment_status":"open","ping_status":"open","template":"","meta":{"_bbp_topic_count":0,"_bbp_reply_count":0,"_bbp_total_topic_count":0,"_bbp_total_reply_count":0,"_bbp_voice_count":0,"_bbp_anonymous_reply_count":0,"_bbp_topic_count_hidden":0,"_bbp_reply_count_hidden":0,"_bbp_forum_subforum_count":0},"_links":{"self":[{"href":"http:\/\/psychotherapie-rheingau.com\/index.php?rest_route=\/wp\/v2\/pages\/481"}],"collection":[{"href":"http:\/\/psychotherapie-rheingau.com\/index.php?rest_route=\/wp\/v2\/pages"}],"about":[{"href":"http:\/\/psychotherapie-rheingau.com\/index.php?rest_route=\/wp\/v2\/types\/page"}],"author":[{"embeddable":true,"href":"http:\/\/psychotherapie-rheingau.com\/index.php?rest_route=\/wp\/v2\/users\/2"}],"replies":[{"embeddable":true,"href":"http:\/\/psychotherapie-rheingau.com\/index.php?rest_route=%2Fwp%2Fv2%2Fcomments&post=481"}],"version-history":[{"count":27,"href":"http:\/\/psychotherapie-rheingau.com\/index.php?rest_route=\/wp\/v2\/pages\/481\/revisions"}],"predecessor-version":[{"id":1526,"href":"http:\/\/psychotherapie-rheingau.com\/index.php?rest_route=\/wp\/v2\/pages\/481\/revisions\/1526"}],"wp:attachment":[{"href":"http:\/\/psychotherapie-rheingau.com\/index.php?rest_route=%2Fwp%2Fv2%2Fmedia&parent=481"}],"curies":[{"name":"wp","href":"https:\/\/api.w.org\/{rel}","templated":true}]}}